{"id":2,"date":"2016-07-28T07:29:31","date_gmt":"2016-07-28T07:29:31","guid":{"rendered":"http:\/\/www.mfar.es\/web\/?page_id=2"},"modified":"2019-12-24T10:52:24","modified_gmt":"2019-12-24T10:52:24","slug":"quienes-somos","status":"publish","type":"page","link":"https:\/\/web.mfar.es\/web\/es\/quienes-somos\/","title":{"rendered":"MFAR"},"content":{"rendered":"<p>MFAR es una empresa de servicios orientada a la <b>Investigaci\u00f3n Cl\u00ednica Acad\u00e9mica<\/b>.<\/p>\n<p><b>Equipo multidisciplinar<\/b> de personas con un perfil altamente cualificado y con una larga experiencia en Investigaci\u00f3n Cl\u00ednica, desarrollo de tecnolog\u00eda aplicada a la Investigaci\u00f3n y en comunicaci\u00f3n y organizaci\u00f3n de eventos.<\/p>\n<p>En MFAR somos conscientes del papel integrador y de labor social que realizan varias ONG\u2019s, por eso, desde MFAR contribuimos a trav\u00e9s de donaciones anuales a que \u00e9stas dispongan de mayores recursos para ayudar a los m\u00e1s desfavorecidos.<\/p>\n<p style=\"height:30px;\">\n<p><img loading=\"lazy\" decoding=\"async\" class=\"alignnone wp-image-3437\" src=\"https:\/\/web.mfar.es\/web\/wp-content\/uploads\/2016\/07\/caritas-300x152.jpg\" alt=\"caritas\" width=\"243\" height=\"123\" srcset=\"https:\/\/web.mfar.es\/web\/wp-content\/uploads\/2016\/07\/caritas-300x152.jpg 300w, https:\/\/web.mfar.es\/web\/wp-content\/uploads\/2016\/07\/caritas-450x229.jpg 450w, https:\/\/web.mfar.es\/web\/wp-content\/uploads\/2016\/07\/caritas.jpg 630w\" sizes=\"auto, (max-width: 243px) 100vw, 243px\" \/><img loading=\"lazy\" decoding=\"async\" class=\"alignnone wp-image-3436\" src=\"https:\/\/web.mfar.es\/web\/wp-content\/uploads\/2016\/07\/UNICEF-300x222.jpeg\" alt=\"unicef\" width=\"158\" height=\"117\" \/> \u00a0 \u00a0\u00a0 \u00a0 <img loading=\"lazy\" decoding=\"async\" class=\"alignnone wp-image-3438\" src=\"https:\/\/web.mfar.es\/web\/wp-content\/uploads\/2016\/07\/medicos-sin-fronteras-logo-e1483016747566-300x157.jpg\" alt=\"medicos-sin-fronteras-logo\" width=\"193\" height=\"101\" srcset=\"https:\/\/web.mfar.es\/web\/wp-content\/uploads\/2016\/07\/medicos-sin-fronteras-logo-e1483016747566-300x157.jpg 300w, https:\/\/web.mfar.es\/web\/wp-content\/uploads\/2016\/07\/medicos-sin-fronteras-logo-e1483016747566.jpg 340w\" sizes=\"auto, (max-width: 193px) 100vw, 193px\" \/><img decoding=\"async\" class=\"alignnone wp-image-3438\" src=\"https:\/\/web.mfar.es\/web\/wp-content\/uploads\/2019\/05\/logo-unhcr.png\" alt=\"logo-unhcr\" width=\"193\" \/><\/p>\n<p style=\"height:150px;\">\n","protected":false},"excerpt":{"rendered":"<p>MFAR es una empresa de servicios orientada a la Investigaci\u00f3n Cl\u00ednica Acad\u00e9mica. Equipo multidisciplinar de personas con un perfil altamente cualificado y con una larga experiencia en Investigaci\u00f3n Cl\u00ednica, desarrollo de tecnolog\u00eda aplicada a la Investigaci\u00f3n y en comunicaci\u00f3n y organizaci\u00f3n de eventos. En MFAR somos conscientes del papel integrador y de labor social que [&hellip;]<\/p>\n","protected":false},"author":1,"featured_media":0,"parent":0,"menu_order":0,"comment_status":"closed","ping_status":"open","template":"","meta":{"footnotes":""},"class_list":["post-2","page","type-page","status-publish","hentry"],"_links":{"self":[{"href":"https:\/\/web.mfar.es\/web\/wp-json\/wp\/v2\/pages\/2","targetHints":{"allow":["GET"]}}],"collection":[{"href":"https:\/\/web.mfar.es\/web\/wp-json\/wp\/v2\/pages"}],"about":[{"href":"https:\/\/web.mfar.es\/web\/wp-json\/wp\/v2\/types\/page"}],"author":[{"embeddable":true,"href":"https:\/\/web.mfar.es\/web\/wp-json\/wp\/v2\/users\/1"}],"replies":[{"embeddable":true,"href":"https:\/\/web.mfar.es\/web\/wp-json\/wp\/v2\/comments?post=2"}],"version-history":[{"count":58,"href":"https:\/\/web.mfar.es\/web\/wp-json\/wp\/v2\/pages\/2\/revisions"}],"predecessor-version":[{"id":4847,"href":"https:\/\/web.mfar.es\/web\/wp-json\/wp\/v2\/pages\/2\/revisions\/4847"}],"wp:attachment":[{"href":"https:\/\/web.mfar.es\/web\/wp-json\/wp\/v2\/media?parent=2"}],"curies":[{"name":"wp","href":"https:\/\/api.w.org\/{rel}","templated":true}]}}