{"id":3289,"date":"2016-12-28T12:07:29","date_gmt":"2016-12-28T12:07:29","guid":{"rendered":"http:\/\/web.mfar.es\/web\/?page_id=3289"},"modified":"2026-04-07T13:45:25","modified_gmt":"2026-04-07T13:45:25","slug":"calidad","status":"publish","type":"page","link":"https:\/\/web.mfar.es\/web\/es\/calidad\/","title":{"rendered":"Calidad"},"content":{"rendered":"\n<style type=\"text\/css\" data-created_by=\"avia_inline_auto\" id=\"style-css-av-69ppop-9ba5dfd6f1f068758c8afcf4c3b70d68\">\n.flex_column.av-69ppop-9ba5dfd6f1f068758c8afcf4c3b70d68{\nborder-radius:0px 0px 0px 0px;\n-webkit-border-radius:0px 0px 0px 0px;\n-moz-border-radius:0px 0px 0px 0px;\n}\n<\/style>\n<div class='flex_column av-69ppop-9ba5dfd6f1f068758c8afcf4c3b70d68 av_one_fourth  avia-builder-el-0  el_before_av_three_fourth  avia-builder-el-first  first flex_column_div av-zero-column-padding '   ><section  class='av_textblock_section av-4wsqmh-df0fd4c8bb7c7e8670abf0c259802447'  itemscope=\"itemscope\" itemtype=\"https:\/\/schema.org\/CreativeWork\" ><div class='avia_textblock'  itemprop=\"text\" ><p><img loading=\"lazy\" decoding=\"async\" class=\"alignnone wp-image-4993 size-medium\" src=\"https:\/\/web.mfar.es\/web\/wp-content\/uploads\/2026\/01\/ISO-9001_en_regular-RGB-300x300.jpg\" alt=\"\" width=\"300\" height=\"300\" srcset=\"https:\/\/web.mfar.es\/web\/wp-content\/uploads\/2026\/01\/ISO-9001_en_regular-RGB-300x300.jpg 300w, https:\/\/web.mfar.es\/web\/wp-content\/uploads\/2026\/01\/ISO-9001_en_regular-RGB-80x80.jpg 80w, https:\/\/web.mfar.es\/web\/wp-content\/uploads\/2026\/01\/ISO-9001_en_regular-RGB-768x768.jpg 768w, https:\/\/web.mfar.es\/web\/wp-content\/uploads\/2026\/01\/ISO-9001_en_regular-RGB-36x36.jpg 36w, https:\/\/web.mfar.es\/web\/wp-content\/uploads\/2026\/01\/ISO-9001_en_regular-RGB-180x180.jpg 180w, https:\/\/web.mfar.es\/web\/wp-content\/uploads\/2026\/01\/ISO-9001_en_regular-RGB-705x705.jpg 705w, https:\/\/web.mfar.es\/web\/wp-content\/uploads\/2026\/01\/ISO-9001_en_regular-RGB.jpg 1002w\" sizes=\"auto, (max-width: 300px) 100vw, 300px\" \/><\/p>\n<\/div><\/section><\/div>\n\n<style type=\"text\/css\" data-created_by=\"avia_inline_auto\" id=\"style-css-av-25e7gp-c9289c5a03c895b7383b90016df16e66\">\n.flex_column.av-25e7gp-c9289c5a03c895b7383b90016df16e66{\nborder-radius:0px 0px 0px 0px;\n-webkit-border-radius:0px 0px 0px 0px;\n-moz-border-radius:0px 0px 0px 0px;\n}\n<\/style>\n<div class='flex_column av-25e7gp-c9289c5a03c895b7383b90016df16e66 av_three_fourth  avia-builder-el-2  el_after_av_one_fourth  avia-builder-el-last  flex_column_div av-zero-column-padding '   ><section  class='av_textblock_section av-lc98c0ku-79807cac25c5dffbb35b9d40e26b3197'  itemscope=\"itemscope\" itemtype=\"https:\/\/schema.org\/CreativeWork\" ><div class='avia_textblock'  itemprop=\"text\" ><p style=\"text-align: justify;\">Contamos desde 2011 con la <a href=\"https:\/\/web.mfar.es\/web\/wp-content\/uploads\/2026\/04\/GRUPOMFARMarketiISO9001_2022ESDAkkSCert0_202208311325_2385.pdf\" target=\"_blank\" rel=\"noopener\"><u>certificaci\u00f3n de calidad ISO 9001<\/u><\/a>.<\/p>\n<p style=\"text-align: justify;\">La calidad es una de nuestras mayores ocupaciones, por eso, hemos sido muy rigurosos y exigentes en la implantaci\u00f3n de sistemas de calidad en permanente evoluci\u00f3n que garanticen el funcionamiento, la gesti\u00f3n y el desarrollo de nuestros servicios.<\/p>\n<p style=\"text-align: justify;\">Nuestra pol\u00edtica de Calidad nos compromete a la prestaci\u00f3n de Servicios de Calidad a todos nuestros Clientes. Nuestros compromisos son los siguientes:<\/p>\n<ul>\n<li>Establecer relaciones duraderas con los Clientes atendiendo a sus necesidades<\/li>\n<li>Cumplir con los requisitos legales y reglamentarios aplicables a la actividad realizada<\/li>\n<li>Cumplir con los requisitos de los Clientes<\/li>\n<li>Invertir en la formaci\u00f3n de los empleados para garantizar la calidad del servicio<\/li>\n<li>Mejorar continuamente la calidad de los servicios y de la productividad en general<\/li>\n<\/ul>\n<p style=\"text-align: justify;\">Nuestra pol\u00edtica de Calidad identifica las siguientes partes interesadas en cuanto sus necesidades y expectativas:<\/p>\n<ul>\n<li><strong>Clientes:<\/strong> Servicio integral y adaptado a sus necesidades<\/li>\n<li><strong>Empleados:<\/strong> Formaci\u00f3n continuada y crecimiento profesional<\/li>\n<li><strong>Sociedad:<\/strong> Respeto y cumplimiento de las normas sociales<\/li>\n<li><strong>Accionistas:<\/strong> Rentabilidad y reconocimiento de marca en el sector econ\u00f3mico<\/li>\n<\/ul>\n<\/div><\/section><\/div>\n","protected":false},"excerpt":{"rendered":"","protected":false},"author":1,"featured_media":0,"parent":0,"menu_order":0,"comment_status":"closed","ping_status":"closed","template":"","meta":{"footnotes":""},"class_list":["post-3289","page","type-page","status-publish","hentry"],"_links":{"self":[{"href":"https:\/\/web.mfar.es\/web\/wp-json\/wp\/v2\/pages\/3289","targetHints":{"allow":["GET"]}}],"collection":[{"href":"https:\/\/web.mfar.es\/web\/wp-json\/wp\/v2\/pages"}],"about":[{"href":"https:\/\/web.mfar.es\/web\/wp-json\/wp\/v2\/types\/page"}],"author":[{"embeddable":true,"href":"https:\/\/web.mfar.es\/web\/wp-json\/wp\/v2\/users\/1"}],"replies":[{"embeddable":true,"href":"https:\/\/web.mfar.es\/web\/wp-json\/wp\/v2\/comments?post=3289"}],"version-history":[{"count":25,"href":"https:\/\/web.mfar.es\/web\/wp-json\/wp\/v2\/pages\/3289\/revisions"}],"predecessor-version":[{"id":5015,"href":"https:\/\/web.mfar.es\/web\/wp-json\/wp\/v2\/pages\/3289\/revisions\/5015"}],"wp:attachment":[{"href":"https:\/\/web.mfar.es\/web\/wp-json\/wp\/v2\/media?parent=3289"}],"curies":[{"name":"wp","href":"https:\/\/api.w.org\/{rel}","templated":true}]}}